3 + 4*c**2 + 2*c. Let b = -64 - -112. Let w = b + -51. Determine z(w).
-24
Let y(n) = -3*n**3 + 2*n**2 + n. Suppose -s = k - 5, -2*k - 2 = -4*s + 3*k. Suppose 5*l - s = 2*t - 5*t, 4*l = 2*t - 2. Let c = -2 + t. What is y(c)?
4
Let h be (-13)/3*252/(-1092). Let t(i) be the third derivative of -i**6/60 - i**4/24 + i**2. Let s(z) be the second derivative of t(z). Calculate s(h).
-12
Let c(s) = -103 + 105 + 2*s**3 - s**2 - 3*s**3 - 7*s**2. Let g = -20 + 12. Determine c(g).
2
Let a(l) = -l**2 - l - 2. Let w(s) be the first derivative of -s**2/2 - s - 6. Let i(f) = a(f) + w(f). Calculate i(3).
-18
Suppose -19 + 4 = -5*t. Let b(c) = c - 3*c - t + 0*c + 5. Calculate b(2).
-2
Suppose -2*k + 2 = -4*k - 2*p, 4*k + 4 = -3*p. Let l(c) = -8*c - 1. Let i be l(k). Let a = 9 - i. Let g(d) = 2*d**3 - d**2 - 2*d + 3. Determine g(a).
11
Let l(d) be the third derivative of 7*d**6/120 - d**5/60 - d**4/24 - d**3/6 + 7*d**2. Suppose -11*w + 17*w = -6. Give l(w).
-8
Let h(u) be the third derivative of -u**4/12 - u**3 - 5*u**2. Let v be h(-5). Let j(c) = -4*c**2 + c**2 - 7*c + 0*c**2 + 4*c**2 + 5. Calculate j(v).
-7
Let t(g) = 0*g**2 + 7*g**2 + 4*g - 8*g**2 + g**2 - g**2 - 6. Calculate t(-6).
-66
Let q be 2/(-1) - -1 - (-4 + 15). Let g(h) = -h**3 - 11*h**2 + 12*h + 3. What is g(q)?
3
Suppose 0 = -3*r - r + 8. Let f(c) = c**2 - c + 2*c**2 + r*c**3 - 4*c**2. Determine f(2).
10
Let q be (-2)/((3/8)/((-9)/6)). Let d(n) = -10*n + q*n + 3*n + 1. Determine d(-5).
-4
Let m(a) = 59*a + 7. Let f(x) = -71*x - 8. Let t(d) = -5*f(d) - 6*m(d). Calculate t(-14).
-16
Let v(t) = t. Let f(n) = -2. Let r(d) = -6*f(d) - 2*v(d). Calculate r(10).
-8
Let c(h) = h**3 - 13*h**2 - 26*h - 63. Let s be c(15). Let j(q) = q**2 - 2*q + 2. Determine j(s).
17
Let n(p) be the second derivative of -p**4/12 + 7*p**3/6 + p**2 - 2*p - 224. Calculate n(10).
-28
Suppose -5*i - 108 = -88. Let a be (-1)/(-1)*2 - 8/i. Let r(g) = -g - 5. Give r(a).
-9
Let v(n) = -7*n**3 - 2*n**2 + 2*n - 1. Let y(o) = -4*o**3 - 2*o**2 + 1. Let g be y(-1). Suppose l + 2*z = 4*z + 7, -5*l - g*z = 4. Calculate v(l).
-8
Let v(i) = -2*i**2 - 2*i - 3. Suppose 4 = 2*n - 2. Suppose -f = 2 - n. Let s be (2 - f)*(-2)/1. Calculate v(s).
-7
Let i(u) = 3*u**2 + 2*u + 1. Let a(j) = j**2. Let v(k) = 4*a(k) - i(k). Let q = -94 - -91. Let s be 24/q*(3 - (-81)/(-24)). Determine v(s).
2
Let g(a) = -a**3 + a**2 + a - 1. Suppose 21*d + 27 - 111 = 0. What is g(d)?
-45
Suppose 3*y + 16 = 7*y. Let v(d) = -10*d + d**2 - y*d - 3 + 8*d + 1. Calculate v(6).
-2
Let s(j) be the first derivative of -10 + 7*j + 1/2*j**2. Give s(5).
12
Suppose -3*x + 5*x - 6 = 0, x - 3 = z. Let m(a) = 5*a - 17. Let o be m(5). Let f(r) = -o + r + 13 - 7. Give f(z).
-2
Let p(y) = -5*y**3 + y. Suppose 5*s + 2*i - 23 = 0, 3 = 5*s + 4*i - 28. Suppose -2*m + 4*a = -30, 2*a + 11 = -s*m + 32. Let r = -10 + m. Determine p(r).
4
Let l be (0 + 3)*2/6. Let p(b) = -2*b**3 + 2*b**2 - 2*b - 3. Let u(r) = -8*r**2 + 2*r**2 + 6*r**3 + 6*r + r + 10. Let d(s) = -7*p(s) - 2*u(s). Give d(l).
1
Let w be 8/(3 - (-1)/(-1)). Suppose -16*d = -13*d - 9. Let p(f) = f + 36 - 40 + d*f - f**2. Give p(w).
-4
Let h(k) = -k**3 + 5*k**2 + 5*k + 1. Let d = 588 + -582. Give h(d).
-5
Suppose -26*a = -27*a + 6. Let l(f) = 4 - 17*f + 9*f + a*f. What is l(2)?
0
Let c = 15 - 13. Suppose -f = -4*m - 7, 5*f - f + c*m = 10. Let l(j) = 2*j - 9*j + 0*j**2 - f - j**2. Determine l(-4).
9
Let y(o) = 8*o**2 + 1. Let s(z) = 7*z**2 + 1. Let f(l) = 7*s(l) - 6*y(l). Let c(w) = -6*w**2 + 8*w - 10. Let q(r) = c(r) + 5*f(r). Calculate q(7).
2
Let d be 3*-4*14/3. Let x = d - -61. Let u(z) = z. What is u(x)?
5
Let k(z) = -z**3 + 7*z**2 - 6*z + 6. Let p be k(6). Let o(q) = -q**2 + 7*q - 9. Let c be o(p). Let t(d) = -11*d - 4 + 4*d + 4*d. Determine t(c).
5
Let p(f) be the second derivative of -f**5/20 - 5*f**4/6 + 11*f**3/6 - 5*f**2 + 116*f. Determine p(-11).
-10
Let g(x) = 2*x**2 - x + 1. Suppose 4 = -f + 6. Calculate g(f).
7
Let k(g) be the first derivative of -1/360*g**6 + 1/8*g**4 + 10 + 1/3*g**3 - 1/30*g**5 + 0*g + 0*g**2. Let y(o) be the third derivative of k(o). Give y(-4).
3
Let z(c) = c**3 + 3*c**2 - 4*c + 2. Let i be z(-4). Let p(x) = -6*x - 6 - x**2 + x - i*x. Calculate p(-6).
0
Let b be (-160)/(-8)*5/20. Let h(d) be the first derivative of b + 1/4*d**4 - 5/3*d**3 + 0*d**2 - 6*d. Calculate h(5).
-6
Let i(y) = y - 17 + 11*y + y - 14*y. Give i(-7).
-10
Suppose -5*k + 9*k - 16 = 0. Let j(q) = -q**2 + 4*q - 4. Give j(k).
-4
Suppose 9*u - u = -32. Let g(d) = -d**3 - 4*d**2 + 2*d + 3. Determine g(u).
-5
Let h(r) = 17*r**2 - r - 1. Suppose 7 = 7*u + 14. What is h(u)?
17
Let i be -2*2/(-2) + -2. Let k be (-3)/(-2)*(2 - i). Let c = k + 1. Let a(x) = -4*x. Determine a(c).
-16
Let i(c) = c**2 + 4*c - 4. Let r be i(-3). Let y(m) = 5*m + 3. Let a(j) = 3*j + 2. Let k(x) = r*a(x) + 4*y(x). What is k(6)?
-8
Let b(f) = 3*f**3 - 6*f**2 + f - 1. Let m(c) = -10*c**3 + 18*c**2 - 3*c + 3. Let y(g) = -14*b(g) - 4*m(g). Calculate y(6).
-10
Let c(b) be the first derivative of -b**4/12 - b**3/2 + 5*b**2/2 + 31*b - 10. Let q(w) be the first derivative of c(w). Give q(-4).
1
Let j(a) be the second derivative of -a**8/1120 - 5*a**4/12 + a. Let z(t) be the third derivative of j(t). What is z(1)?
-6
Let y(o) = -o**2 - 5*o - 3. Let a = -54 - -3. Let p = -57 - a. Give y(p).
-9
Suppose 4*l - 20 + 12 = 0. Suppose -14 = -h - 3*h + t, -4 = l*t. Let o(g) = -8 - 5*g + h + 6. What is o(3)?
-14
Let t(x) = -5*x**3 + 4*x**2 - 3*x + 8. Let g(a) = 2*a**3 - a**2 - 2. Let b(i) = -3*g(i) - t(i). Give b(2).
-8
Let q(l) be the third derivative of 17*l**9/60480 + l**8/20160 - l**5/20 + 13*l**2. Let v(o) be the third derivative of q(o). Give v(-1).
-16
Let q(m) = -2*m. Let r(y) = y**3 - 3*y**2 + 2*y + 4. Let d be r(2). Suppose -h + 3 = -0, -d*h = k - 18. Calculate q(k).
-12
Suppose -7*n = -5*n - 42. Let q(y) = 1 - n*y - 2 + 26*y. Let a = 5 - 3. Determine q(a).
9
Let y(i) = i**3 + 4*i**2 - 7*i + 1. Let z be ((-5)/(-2))/(20/(-40)). What is y(z)?
11
Suppose 16 + 2 = 6*o. Suppose -2*b + o = -3. Let d(a) = a**2 - 5*a + 2. Determine d(b).
-4
Let u(b) = b**2 + 3*b + 4. Let j(g) = g**2 + 2*g + 5. Let y(v) = -3*j(v) + 4*u(v). Let t be y(-6). Let r(d) = 2*d + 0*d - t + 5*d. Determine r(1).
6
Let k be -4 + (-1 + 0)*1. Let s(x) be the second derivative of 10*x + 1/2*x**3 + 0 + 5/2*x**2. Give s(k).
-10
Let w(d) = d**3 + 5*d - 9. Let t be w(0). Let u(m) = m**3 + 9*m**2 + 3*m + 20. Give u(t).
-7
Suppose 3*w = 3*c + c + 13, -3*c = w + 13. Let n(g) be the first derivative of g**2 - g + 1. Give n(w).
-3
Let q = 891 + -883. Let y(b) = -b**3 + 6*b**2 + 16*b + 7. Determine y(q).
7
Suppose 5*y = 3*y + 6. Let w(o) = o**2 + y*o - 7 - 4*o + 0*o**2 - 3*o. Let j = 29 + -24. Calculate w(j).
-2
Let m(u) = -6*u - 2. Let c = 86 + -75. Suppose 39 = -c*q - 2*q. Give m(q).
16
Let r(f) be the second derivative of f**4/12 - f**3/2 + f**2 - 1018*f. Let u = 3 - 2. Let s = u - -1. Determine r(s).
0
Let m be (24 + 1377/(-68))/(10/16). Let s be 4/(-10) + (-37)/(-5). Let z(h) = 6*h**2 + 4*h**2 - s*h - 3*h**2 - h**3 + 8. Determine z(m).
2
Let g(r) = -r**2 + 1 - 3 - 4 + 4*r. Let s be (18/5 - 0) + (-54)/90. Let h be g(s). Let t(c) = -c**3 - 2*c**2 + c + 3. Determine t(h).
9
Let j(c) = c**2 + 6*c + 2. Let l = 7 + -5. Suppose l*m - 5*m = -6, -n + 5*m = 14. Let o be (n/10)/(2/20). Calculate j(o).
-6
Let d be 33/22*20/(-6). Let c be (d - -1)/4*-15. Let p = c - 13. Let f(l) = -l**3 + 3*l**2 - 3*l + 3. Calculate f(p).
1
Suppose -28 = 3*o + 2. Let h(p) = -p - 13. Give h(o).
-3
Let c(z) = 44*z**3 - z**2 - z + 1. Let r be 38/171*9*(-2)/(-4). Give c(r).
43
Suppose 3*f - 21 = 5*n, -21 = f + 5*n - 8. Let o(m) = -100*m - 24. Let d(j) = -21*j - 5. Let c(y) = -24*d(y) + 5*o(y). Give c(f).
8
Let z(n) be the third derivative of -n**5/30 + n**4/8 - 5*n**3/6 + 326*n**2. Determine z(4).
-25
Let a(n) = n**3 + 6*n**2 - 5. Let t be a(-6). Let y(j) = 5*j**2 - 2*j + 6. Let s(g) = g - 1. Let r(p) = t*s(p) - y(p). What is r(-2)?
-15
Let j(q) = -q**2 - 8*q - 5. Let c(r) = -10*r - 11. Let l be c(-2). Let m = l - 17. Calculate j(m).
-5
Suppose 4*k + 8 = 5*k. Let c(p) = p**3 + 9*p**2 - 12*p - 15. Let v be c(-10). Let i(l) = -6 - 2*l - v + 3*l + 4. Calculate i(k).
1
Let t(w) = -w**3 - 8*w**2 - 9*w - 9. Let o = 10 - 9. Let g be 28/(-8)*(1 + o). Give t(